 is -1000100111001 (base 2) in base 9?
-6038
Convert -c00 (base 15) to base 11.
-2035
Convert -1316 (base 8) to base 2.
-1011001110
-1d2 (base 15) to base 5
-3142
-533 (base 6) to base 7
-405
47bc (base 16) to base 9
27164
What is -1321023 (base 5) in base 16?
-6714
Convert -10430 (base 5) to base 15.
-345
What is 401 (base 11) in base 5?
3420
1100120 (base 3) to base 9
1316
Convert 521 (base 6) to base 11.
166
1000122 (base 3) to base 5
10441
What is -1c (base 14) in base 5?
-101
-20141 (base 5) to base 9
-1700
Convert -131144 (base 5) to base 8.
-12066
-6227 (base 10) to base 2
-1100001010011
a665 (base 12) to base 10
18221
What is -a543 (base 11) in base 14?
-5134
Convert 55511 (base 6) to base 4.
1321003
Convert 2022122 (base 3) to base 2.
11010011011
Convert -230 (base 11) to base 12.
-1ab
-5152 (base 6) to base 7
-3230
What is 11253 (base 6) in base 4?
121101
a028 (base 11) to base 13
60c2
What is -26042 (base 7) in base 4?
-1223222
What is c204 (base 16) in base 11?
34353
-fa3 (base 16) to base 6
-30311
Convert 30410 (base 5) to base 2.
11110111100
-197 (base 16) to base 6
-1515
What is 1b3 (base 15) in base 6?
1453
Convert -b3 (base 13) to base 6.
-402
6771 (base 8) to base 14
1437
703 (base 12) to base 9
1343
Convert a7c (base 14) to base 11.
1612
Convert -3044 (base 8) to base 7.
-4404
Convert 143155 (base 7) to base 2.
110101110001001
What is -22bc (base 15) in base 9?
-11106
What is 1050b (base 12) in base 9?
32402
3872 (base 9) to base 13
1421
23ab6 (base 12) to base 13
18c54
What is -217 (base 9) in base 8?
-262
-32a (base 12) to base 15
-211
151 (base 16) to base 4
11101
-249 (base 10) to base 6
-1053
Convert 1246 (base 7) to base 16.
1db
110001001 (base 2) to base 13
243
What is 11315 (base 6) in base 5?
23011
What is 3253 (base 9) in base 2?
100101011101
What is -523 (base 12) in base 6?
-3243
What is 1428 (base 12) in base 5?
33321
Convert 1121 (base 8) to base 14.
305
What is 4b0 (base 16) in base 14?
61a
Convert -126223 (base 8) to base 10.
-44179
728 (base 15) to base 11
1237
Convert ae7 (base 16) to base 4.
223213
15442 (base 7) to base 9
5854
What is -7011 (base 8) in base 3?
-11221002
Convert -7304 (base 9) to base 3.
-21100011
Convert 110011111000010 (base 2) to base 7.
140304
What is -221200 (base 3) in base 7?
-2010
Convert 34 (base 14) to base 4.
232
4502 (base 6) to base 12
732
1022343 (base 5) to base 10
17223
Convert -d74 (base 14) to base 8.
-5132
626 (base 16) to base 5
22244
-5a (base 16) to base 9
-110
Convert -218d (base 15) to base 8.
-15704
24513 (base 6) to base 14
1485
What is 24c (base 15) in base 14?
294
Convert 13204 (base 5) to base 13.
631
What is -210100101 (base 3) in base 16?
-3cca
Convert 1032 (base 7) to base 8.
556
What is -8351 (base 12) in base 15?
-4397
Convert -612d (base 16) to base 3.
-1021010101
Convert -48c (base 15) to base 11.
-859
What is -159 (base 13) in base 2?
-11110011
What is -1539 (base 11) in base 6?
-13054
14332 (base 6) to base 2
100011110000
Convert 1150353 (base 6) to base 16.
ee7d
Convert 532 (base 12) to base 9.
1032
-7805 (base 9) to base 15
-1a8b
-12220221 (base 3) to base 16
-10de
-1110110010011 (base 2) to base 15
-239b
What is 9578 (base 11) in base 13?
59c7
-2103 (base 7) to base 6
-3230
-12312 (base 5) to base 15
-43c
111111100110 (base 2) to base 5
112240
What is -3024 (base 6) in base 11?
-554
Convert 481 (base 13) to base 11.
650
Convert 1a238 (base 11) to base 5.
1400414
What is 1001001111 (base 2) in base 10?
591
-360004 (base 7) to base 3
-10021221011
What is -3122 (base 4) in base 14?
-118
-1a4 (base 15) to base 9
-461
What is -60275 (base 8) in base 3?
-1020222020
What is -1011 (base 8) in base 9?
-638
Convert -322564 (base 7) to base 14.
-166a4
-219 (base 11) to base 7
-523
a (base 14) to base 5
20
What is 22021222 (base 3) in base 7?
23426
Convert 389 (base 10) to base 4.
12011
3645 (base 7) to base 15
606
What is 6337 (base 12) in base 11?
8168
What is -101100110111 (base 2) in base 16?
-b37
What is 13734 (base 8) in base 15?
1c23
What is 1062 (base 14) in base 3?
10212211
Convert 3958a (base 12) to base 7.
445054
2542 (base 10) to base 3
10111011
Convert -845c (base 14) to base 15.
-6b63
-4405 (base 6) to base 16
-3f5
Convert 12243 (base 5) to base 16.
3b4
Convert -11413 (base 5) to base 10.
-858
What is -3134 (base 5) in base 16?
-1a3
Convert 101111000011 (base 2) to base 16.
bc3
What is 377 (base 10) in base 6?
1425
Convert -ad3 (base 15) to base 9.
-3320
Convert -16440 (base 7) to base 11.
-3578
Convert -2119 (base 13) to base 5.
-121320
What is -1826 (base 13) in base 2?
-110111111101
-12320 (base 5) to base 13
-58b
-5122 (base 6) to base 4
-101222
What is -114441 (base 5) in base 16?
-1113
What is 4534 (base 13) in base 15?
2d01
Convert 1054 (base 8) to base 14.
2ba
Convert 12312 (base 6) to base 4.
130310
What is -7a66 (base 12) in base 14?
-4d66
What is 40013 (base 7) in base 12?
5692
-41506 (base 8) to base 3
-212121212
120100222 (base 3) to base 11
8466
-1000111110001 (base 2) to base 8
-10761
What is -766 (base 15) in base 10?
-1671
What is 19225 (base 12) in base 8?
107375
211121 (base 6) to base 4
10023121
What is 288 (base 16) in base 4?
22020
What is 10121 (base 3) in base 2?
1100001
Convert 9718 (base 11) to base 5.
402340
-27414 (base 8) to base 16
-2f0c
What is -24019 (base 11) in base 14?
-c894
74d (base 15) to base 6
11344
What is 55 (base 11) in base 6?
140
-336 (base 9) to base 3
-101020
Convert -33512 (base 7) to base 16.
-2126
Convert 24c7 (base 13) to base 8.
12161
Convert 2001 (base 4) to base 12.
a9
What is -100040 (base 5) in base 13?
-157c
899 (base 10) to base 4
32003
Convert -212121221 (base 3) to base 13.
-7abc
3313 (base 6) to base 5
11030
Convert 791 (base 10) to base 8.
1427
What is -2770 (base 9) in base 14?
-a92
What is -101111101011101 (base 2) in base 15?
-7378
Convert -103303 (base 4) to base 10.
-1267
Convert -2157 (base 11) to base 16.
-b1d
What is 1022 (base 6) in base 5?
1410
Convert -2503 (base 6) to base 2.
-1001100111
Convert -322 (base 6) to base 13.
-95
1324 (base 5) to base 2
11010110
704 (base 15) to base 13
946
Convert 100020 (base 3) to base 12.
189
Convert 27334 (base 10) to base 9.
41441
What is -10554 (base 6) in base 16?
-5e6
-11302131 (base 4) to base 12
-11879
Convert -122616 (base 8) to base 13.
-163a2
Convert 143443 (base 5) to base 16.
17eb
Convert 2156 (base 7) to base 14.
3d6
-65a (base 16) to base 13
-981
Convert 113131 (base 4) to base 14.
793
What is -2133303 (base 4) in base 9?
-15023
Convert 60 (base 10) to base 12.
50
What is 5403 (base 8) in base 5?
42234
What is -2073 (base 9) in base 3?
-2002110
What is -f1 (base 16) in base 11?
-1aa
37b (base 15) to base 10
791
What is -29 (base 11) in base 16?
-1f
1010110010011111 (base 2) to base 7
242560
Convert -13212 (base 6) to base 4.
-133220
Convert 211211 (base 3) to base 11.
510
9673 (base 10) to base 2
10010111001001
Convert -33222 (base 4) to base 11.
-831
Convert -20dc (base 15) to base 2.
-1101100101101
What is 201001 (base 5) in base 9?
8664
-1561 (base 9) to base 5
-14224
What is a3 (base 16) in base 14?
b9
Convert -691 (base 15) to base 13.
-8a4
What is 731 (base 16) in base 7?
5240
What is 343221 (base 6) in base 15?
89ea
What is -23d (base 15) in base 8?
-774
What is 167 (base 15) in base 11?
273
What is 4b3 (base 12) in base 8?
1307
What is 964 (base 14) in base 10?
1852
What is 92b (base 12) in base 5?
20311
-3a40 (base 15) to base 8
-30223
Convert -111110110010 (base 2) to base 13.
-1aa1
What is -10220 (base 3) in base 6?
-253
Convert 2173 (base 9) to base 10.
1605
-8186 (base 10) to base 12
-48a2
What is 3040 (base 6) in base 14?
360
Convert 2777 (base 11) to base 5.
103333
-223 (base 8) to base 4
-2103
What is 26da (base 14) in base 15?
2071
32 (base 16) to base 10
50
What is 8156 (base 11) in base 12?
6326
156 (base 14) to base 3
101002
What is -3a4 (base 12) in base 5?
-4211
What is -13848 (base 9) in base 2?
-10010011100000
Convert -2b0 (base 15) to base 5.
-4430
32052 (base 6) to base 13
1c9a
Convert -101110010000 (base 2) to base 14.
-1116
-3832 (base 10) to base 16
-ef8
What is 2221 (base 15) in base 10?
7231
Convert -396 (base 14) to base 16.
-2d0
What is -1d6 (base 14) in base 8?
-600
What is -640 (base 8) in